{"id":1186,"date":"2019-05-09T10:48:28","date_gmt":"2019-05-09T10:46:48","guid":{"rendered":"https:\/\/www.masdeu.net\/recetas\/recetas\/bouchees-a-la-violette\/"},"modified":"2025-04-29T16:44:59","modified_gmt":"2025-04-29T16:44:59","slug":"bouchees-a-la-violette","status":"publish","type":"product","link":"https:\/\/www.masdeu.net\/recetas\/fr\/recetas\/bouchees-a-la-violette\/","title":{"rendered":"Bouch\u00e9es \u00e0 la Violette"},"content":{"rendered":"<div class=\"wpb-content-wrapper\"><p>[vc_row type=\u00a0\u00bbboxed\u00a0\u00bb][vc_column][vc_column_text]<\/p>\n<p style=\"text-align: center;\"><span style=\"font-size: 20pt; color: #000000; font-family: playfair-bold-italic;\">Recettes associ\u00e9es<\/span><\/p>\n<p>[\/vc_column_text][vc_empty_space][vc_row_inner type=\u00a0\u00bbboxed\u00a0\u00bb][vc_column_inner][vc_images_carousel images=\u00a0\u00bb600,606,612&Prime; img_size=\u00a0\u00bbfull\u00a0\u00bb onclick=\u00a0\u00bbcustom_link\u00a0\u00bb slides_per_view=\u00a0\u00bb3&Prime; hide_pagination_control=\u00a0\u00bbyes\u00a0\u00bb wrap=\u00a0\u00bbyes\u00a0\u00bb el_class=\u00a0\u00bbrecetas3&Prime; custom_links=\u00a0\u00bbhttps:\/\/www.masdeu.net\/recetas\/fr\/recetas\/fruits-du-desert\/, https:\/\/www.masdeu.net\/recetas\/fr\/recetas\/idylles-a-la-pistache\/,https:\/\/www.masdeu.net\/recetas\/fr\/recetas\/noisettes-savoureuses\/\u00a0\u00bb][\/vc_column_inner][\/vc_row_inner][\/vc_column][\/vc_row][vc_row type=\u00a0\u00bbboxed\u00a0\u00bb][vc_column][vc_empty_space][vc_separator][vc_empty_space][\/vc_column][\/vc_row][vc_row type=\u00a0\u00bbboxed\u00a0\u00bb][vc_column][vc_column_text]<\/p>\n<p style=\"text-align: center;\"><span style=\"font-size: 20pt; color: #000000; font-family: playfair-bold-italic;\">Produits associ\u00e9s<\/span><\/p>\n<p>[\/vc_column_text][vc_row_inner type=\u00a0\u00bbboxed\u00a0\u00bb][vc_column_inner][vc_images_carousel images=\u00a0\u00bb582,579,576&Prime; img_size=\u00a0\u00bbfull\u00a0\u00bb onclick=\u00a0\u00bbcustom_link\u00a0\u00bb slides_per_view=\u00a0\u00bb3&Prime; hide_pagination_control=\u00a0\u00bbyes\u00a0\u00bb wrap=\u00a0\u00bbyes\u00a0\u00bb el_class=\u00a0\u00bbrecetas3&Prime; custom_links=\u00a0\u00bb#E-8_aHR0cHMlM0ElMkYlMkZ3d3cubWFzZGV1Lm5ldCUyRmZyJTJGcHJvZHVjdG9zJTJGbWFjYXJvbnMtZnIlMkZtYWNhcm9uLXZpb2xldHRlJTJGJTJDaHR0cHMlM0ElMkYlMkZ3d3cubWFzZGV1Lm5ldCUyRmZyJTJGcHJvZHVjdG9zJTJGbWFjYXJvbnMtZnIlMkZtYWNhcm9uLXZlcnQlMkYlMkNodHRwcyUzQSUyRiUyRnd3dy5tYXNkZXUubmV0JTJGZnIlMkZwcm9kdWN0b3MlMkZtYWNhcm9ucy1mciUyRm1hY2Fyb24tb3JhbmdlJTJGJTJD\u00a0\u00bb][\/vc_column_inner][\/vc_row_inner][\/vc_column][\/vc_row]<\/p>\n<\/div>","protected":false},"excerpt":{"rendered":"<p><strong>Ingr\u00e9dients:<\/strong><\/p>\n<p>\u00b7 24 macarons violette Masdeu (DIS605)<br \/>\n\u00b7 250\u00a0ml de cr\u00e8me \u00e0 fouetter<br \/>\n\u00b7 50\u00a0g de sucre glace<br \/>\n\u00b7 Essence de violette<\/p>\n<p>&nbsp;<\/p>\n<p><strong>Pr\u00e9paration:<\/strong><\/p>\n<p>Monter la cr\u00e8me au mixeur et y ajouter le sucre ainsi que 5\u00a0gouttes d&rsquo;essence de violette (ou davantage selon les go\u00fbts).<\/p>\n<p>Laisser refroidir la p\u00e2te pendant 30 minutes jusqu&rsquo;\u00e0 ce qu&rsquo;elle adopte la texture souhait\u00e9e.<\/p>\n<p>Garnir les macarons \u00e0 la violette avec cette cr\u00e8me, les couvrir et les laisser reposer au moins 5 heures avant de les servir afin qu&rsquo;ils aient le temps d&rsquo;absorber l&rsquo;humidit\u00e9 de la garniture.<\/p>\n","protected":false},"featured_media":618,"comment_status":"closed","ping_status":"closed","template":"","meta":[],"product_brand":[],"product_cat":[136],"product_tag":[],"class_list":{"0":"post-1186","1":"product","2":"type-product","3":"status-publish","4":"has-post-thumbnail","6":"product_cat-macarons-fr","7":"pa_type-de-base-bases-sucrees","8":"pa_type-de-pates-macarons","9":"pa_type-de-produit-macarons","11":"first","12":"instock","13":"product-type-simple"},"_links":{"self":[{"href":"https:\/\/www.masdeu.net\/recetas\/fr\/wp-json\/wp\/v2\/product\/1186","targetHints":{"allow":["GET"]}}],"collection":[{"href":"https:\/\/www.masdeu.net\/recetas\/fr\/wp-json\/wp\/v2\/product"}],"about":[{"href":"https:\/\/www.masdeu.net\/recetas\/fr\/wp-json\/wp\/v2\/types\/product"}],"replies":[{"embeddable":true,"href":"https:\/\/www.masdeu.net\/recetas\/fr\/wp-json\/wp\/v2\/comments?post=1186"}],"wp:featuredmedia":[{"embeddable":true,"href":"https:\/\/www.masdeu.net\/recetas\/fr\/wp-json\/wp\/v2\/media\/618"}],"wp:attachment":[{"href":"https:\/\/www.masdeu.net\/recetas\/fr\/wp-json\/wp\/v2\/media?parent=1186"}],"wp:term":[{"taxonomy":"product_brand","embeddable":true,"href":"https:\/\/www.masdeu.net\/recetas\/fr\/wp-json\/wp\/v2\/product_brand?post=1186"},{"taxonomy":"product_cat","embeddable":true,"href":"https:\/\/www.masdeu.net\/recetas\/fr\/wp-json\/wp\/v2\/product_cat?post=1186"},{"taxonomy":"product_tag","embeddable":true,"href":"https:\/\/www.masdeu.net\/recetas\/fr\/wp-json\/wp\/v2\/product_tag?post=1186"}],"curies":[{"name":"wp","href":"https:\/\/api.w.org\/{rel}","templated":true}]}}

Bouchées à la Violette

<div class="wpb-content-wrapper"><p>[vc_row type= »boxed »][vc_column][vc_column_text]</p>
<p style="text-align: center;"><span style="font-size: 20pt; color: #000000; font-family: playfair-bold-italic;">Recettes associées</span></p>
<p>[/vc_column_text][vc_empty_space][vc_row_inner type= »boxed »][vc_column_inner][vc_images_carousel images= »600,606,612&Prime; img_size= »full » onclick= »custom_link » slides_per_view= »3&Prime; hide_pagination_control= »yes » wrap= »yes » el_class= »recetas3&Prime; custom_links= »https://www.masdeu.net/recetas/fr/recetas/fruits-du-desert/, https://www.masdeu.net/recetas/fr/recetas/idylles-a-la-pistache/,https://www.masdeu.net/recetas/fr/recetas/noisettes-savoureuses/ »][/vc_column_inner][/vc_row_inner][/vc_column][/vc_row][vc_row type= »boxed »][vc_column][vc_empty_space][vc_separator][vc_empty_space][/vc_column][/vc_row][vc_row type= »boxed »][vc_column][vc_column_text]</p>
<p style="text-align: center;"><span style="font-size: 20pt; color: #000000; font-family: playfair-bold-italic;">Produits associés</span></p>
<p>[/vc_column_text][vc_row_inner type= »boxed »][vc_column_inner][vc_images_carousel images= »582,579,576&Prime; img_size= »full » onclick= »custom_link » slides_per_view= »3&Prime; hide_pagination_control= »yes » wrap= »yes » el_class= »recetas3&Prime; custom_links= »#E-8_aHR0cHMlM0ElMkYlMkZ3d3cubWFzZGV1Lm5ldCUyRmZyJTJGcHJvZHVjdG9zJTJGbWFjYXJvbnMtZnIlMkZtYWNhcm9uLXZpb2xldHRlJTJGJTJDaHR0cHMlM0ElMkYlMkZ3d3cubWFzZGV1Lm5ldCUyRmZyJTJGcHJvZHVjdG9zJTJGbWFjYXJvbnMtZnIlMkZtYWNhcm9uLXZlcnQlMkYlMkNodHRwcyUzQSUyRiUyRnd3dy5tYXNkZXUubmV0JTJGZnIlMkZwcm9kdWN0b3MlMkZtYWNhcm9ucy1mciUyRm1hY2Fyb24tb3JhbmdlJTJGJTJD »][/vc_column_inner][/vc_row_inner][/vc_column][/vc_row]</p>
</div>

<p><strong>Ingrédients:</strong></p>
<p>· 24 macarons violette Masdeu (DIS605)<br />
· 250 ml de crème à fouetter<br />
· 50 g de sucre glace<br />
· Essence de violette</p>
<p>&nbsp;</p>
<p><strong>Préparation:</strong></p>
<p>Monter la crème au mixeur et y ajouter le sucre ainsi que 5 gouttes d&rsquo;essence de violette (ou davantage selon les goûts).</p>
<p>Laisser refroidir la pâte pendant 30 minutes jusqu&rsquo;à ce qu&rsquo;elle adopte la texture souhaitée.</p>
<p>Garnir les macarons à la violette avec cette crème, les couvrir et les laisser reposer au moins 5 heures avant de les servir afin qu&rsquo;ils aient le temps d&rsquo;absorber l&rsquo;humidité de la garniture.</p>
